ue
Does 385 divide 83966575?
True
Is 9 a factor of 197811345?
False
Is 3415842 a multiple of 109?
True
Is 3863 a factor of 155098602?
False
Is 83 a factor of 772463?
False
Is 22574925 a multiple of 9?
True
Is 52 a factor of 29911024?
True
Does 55 divide 3298570?
True
Is 74017881 a multiple of 147?
True
Is 1000499808 a multiple of 10?
False
Does 1417 divide 69791284?
False
Does 7 divide 46742927?
True
Is 375000535 a multiple of 13?
True
Is 802048 a multiple of 17?
False
Is 125990490 a multiple of 6?
True
Is 566051221 a multiple of 258?
False
Is 24 a factor of 279378000?
True
Is 62 a factor of 1054333?
False
Is 587 a factor of 230199094?
True
Is 1128440460 a multiple of 3045?
True
Does 621 divide 542397601?
False
Is 24749118 a multiple of 177?
False
Is 12 a factor of 747242582?
False
Does 54 divide 18504558?
True
Is 98 a factor of 803213586?
True
Is 84659868 a multiple of 6?
True
Is 11 a factor of 1677948437?
True
Is 31 a factor of 754577951?
False
Is 166780365 a multiple of 137?
False
Is 42129270 a multiple of 71?
True
Is 5 a factor of 68307975?
True
Is 182 a factor of 58421272?
True
Does 26 divide 1427898966?
True
Is 23773672 a multiple of 1390?
False
Does 41 divide 19812963?
True
Does 958 divide 18337078?
True
Is 26 a factor of 351473367?
False
Is 5527567 a multiple of 68?
False
Is 93 a factor of 767082693?
True
Is 539 a factor of 42302682?
False
Is 1450 a factor of 2388208848?
False
Does 6310 divide 812242665?
False
Is 13 a factor of 754717619?
False
Is 2728 a factor of 395663664?
True
Is 1576 a factor of 626382776?
True
Does 8 divide 21371112?
True
Is 7986669903 a multiple of 18771?
False
Does 139 divide 375331062?
False
Is 289 a factor of 15900288?
False
Is 442 a factor of 71772947?
False
Is 43020761 a multiple of 1114?
False
Is 184498972 a multiple of 268?
True
Is 38159245 a multiple of 199?
True
Is 65659040 a multiple of 1640?
True
Does 34 divide 2820758?
False
Does 69 divide 25485760?
False
Does 5 divide 703406515?
True
Is 1150 a factor of 563767419?
False
Is 7409450 a multiple of 170?
True
Is 976185316 a multiple of 269?
False
Is 1874 a factor of 1892241516?
True
Does 10 divide 17179360?
True
Is 2656952016 a multiple of 16?
True
Is 64 a factor of 20393584?
False
Is 27622567 a multiple of 2309?
True
Is 56765085 a multiple of 39?
True
Is 18 a factor of 162929715?
False
Does 5809 divide 1132158509?
False
Is 49 a factor of 86896698?
True
Is 38 a factor of 1226862419?
False
Is 585 a factor of 1358383724?
False
Is 11 a factor of 865140441?
True
Is 39978981 a multiple of 22?
False
Is 281804697 a multiple of 15?
False
Does 19 divide 938097640?
True
Is 22 a factor of 760920182?
True
Is 95 a factor of 499595610?
False
Is 9483767 a multiple of 53?
True
Is 98 a factor of 666600891?
False
Does 142 divide 24549425?
False
Does 2281 divide 69887559?
True
Does 33 divide 5397117?
True
Does 936 divide 61395763?
False
Is 191 a factor of 666880511?
True
Is 101 a factor of 152174377?
True
Is 611401220 a multiple of 124?
True
Is 787 a factor of 250821435?
False
Does 16 divide 26083328?
True
Is 9 a factor of 232643736?
True
Does 322 divide 151280108?
True
Is 113 a factor of 315702312?
False
Does 747 divide 46589728?
False
Is 168857106 a multiple of 33?
True
Does 3680 divide 2758708320?
True
Is 432 a factor of 50873277?
False
Is 271377667 a multiple of 2553?
False
Does 393 divide 54997879?
False
Is 7150101 a multiple of 7?
True
Is 21161253 a multiple of 672?
False
Does 49 divide 29132896?
False
Does 54 divide 194153?
False
Is 1383091159 a multiple of 2215?
False
Is 226372335 a multiple of 105?
True
Does 234 divide 13750313?
False
Is 821 a factor of 18779554?
True
Does 168 divide 980201780?
False
Does 3 divide 985053893?
False
Is 785585848 a multiple of 1728?
False
Does 168 divide 78717408?
True
Is 271762032 a multiple of 16?
True
Does 294 divide 51953909?
False
Is 18547382 a multiple of 74?
False
Does 960 divide 2678400?
True
Is 12 a factor of 39534528?
True
Is 1277 a factor of 602087501?
False
Is 746983731 a multiple of 1348?
False
Does 31 divide 1085037417?
True
Does 44 divide 76874424?
True
Is 13 a factor of 1996620055?
False
Is 475 a factor of 58318125?
True
Is 55339405 a multiple of 19?
False
Is 40 a factor of 205166489?
False
Is 154 a factor of 45006006?
False
Is 38080319 a multiple of 3988?
False
Is 122808650 a multiple of 10?
True
Is 121883848 a multiple of 544?
False
Is 935 a factor of 111237885?
True
Does 35 divide 488322310?
True
Does 658 divide 15726791?
False
Is 1149 a factor of 225696076?
False
Does 3730 divide 374192670?
False
Is 18233104 a multiple of 144?
False
Is 23542997 a multiple of 23?
False
Does 288 divide 48737664?
True
Does 3 divide 28108647?
True
Does 40 divide 14928710?
False
Is 6 a factor of 4794258?
True
Is 941485 a multiple of 363?
False
Does 912 divide 174002304?
True
Is 5074646 even?
True
Does 2 divide 10204212?
True
Is 43 a factor of 48643492?
True
Does 120 divide 8791440?
True
Does 34 divide 2335304722?
True
Is 1742286324 a multiple of 41?
False
Is 1555 a factor of 53261860?
True
Is 130262291 a multiple of 2447?
False
Is 343 a factor of 74365432?
False
Is 1684 a factor of 2529974240?
True
Is 46636053 a multiple of 31?
False
Is 223934370 a multiple of 102?
True
Is 8 a factor of 39222880?
True
Is 120 a factor of 40269132?
False
Does 1084 divide 34731360?
True
Does 5 divide 2731555858?
False
Is 13872302 a multiple of 30?
False
Does 7487 divide 4019223749?
True
Is 79 a factor of 95382546?
True
Does 692 divide 24258068?
False
Does 14 divide 15358798?
True
Is 147 a factor of 67013478?
True
Is 10 a factor of 152063710?
True
Is 28211456 a multiple of 924?
False
Is 42 a factor of 70154323?
False
Is 156334464 a multiple of 1014?
True
Is 22314876 a multiple of 92?
True
Is 33645258 a multiple of 2220?
False
Is 20 a factor of 510815460?
True
Is 154999404 a multiple of 582?
True
Does 547 divide 20770137?
True
Is 68 a factor of 4399115?
False
Does 99 divide 613244709?
True
Is 131247200 a multiple of 2325?
False
Does 429 divide 458172?
True
Does 148 divide 285978849?
False
Is 1190 a factor of 53052580?
True
Does 8 divide 15566400?
True
Is 24 a factor of 1649505089?
False
Is 354 a factor of 8739197?
False
Is 124 a factor of 28345132?
False
Is 2049376391 a multiple of 494?
False
Is 319356374 a multiple of 433?
False
Is 120 a factor of 8852001?
False
Is 70637918 a multiple of 2093?
False
Is 137 a factor of 331279700?
True
Is 1172436672 a multiple of 322?
False
Is 3899 a factor of 2064426924?
True
Is 1746 a factor of 5678396?
False
Is 137571417 a multiple of 13?
False
Is 309 a factor of 9824964?
True
Is 15409264 a multiple of 13?
True
Is 88327088 a multiple of 2636?
True
Is 408148097 a multiple of 1506?
False
Does 45 divide 35739405?
True
Does 145 divide 21189430?
True
Is 2 a factor of 34223436?
True
Is 233882767 a multiple of 204?
False
Is 42766892 a multiple of 7?
True
Is 430758836 a multiple of 1084?
True
Is 185852525 a multiple of 81?
False
Is 33548658 a multiple of 2379?
True
Is 9491 a factor of 1904036965?
True
Is 135972650 a multiple of 22?
True
Is 209 a factor of 21304031?
False
Is 2121802486 a multiple of 59?
True
Is 107 a factor of 84446005?
True
Does 3453 divide 670838481?
True
Does 15 divide 4759135?
False
Does 448 divide 1720294912?
True
Is 221949546 a multiple of 21?
True
Is 60 a factor of 132951600?
True
Is 71338800 a multiple of 2210?
True
Is 94352480 a multiple of 8?
True
Is 15 a factor of 118835700?
True
Does 2244 divide 126329384?
False
Does 2006 divide 599886276?
True
Does 36 divide 1062716544?
True
Is 433859068 a multiple of 188?
True
Does 32 divide 911221012?
False
Is 105948957 a multiple of 476?
False
Does 35 divide 371033136?
False
Is 1944589561 a multiple of 1028?
False
Is 3233 a factor of 663673473?
True
Is 239644320 a multiple of 107?
False
Does 381 divide 540046164?
True
Is 258967019 a multiple of 232?
False
Is 385168707 a multiple of 696?
False
Is 20 a factor of 5651520?
True
Is 100594160 a multiple of 635?
True
Is 1256 a factor of 1013920790?
False
Is 5 a factor of 1595843241?
False
Is 111 a factor of 141310436?
False
Is 330786036 a multiple of 6342?
True
Does 11 divide 225856550?
False
Is 715406328 a multiple of 78?
True
Is 7281072 a multiple of 1416?
True
Does 23 divide 5333471466?
False
Is 3438 a factor of 30